 -z**3 - 14*z**2 + 275*z - 15. What is s(-25)?
-15
Let w(i) = -54*i**2 - 10367*i + 188. Give w(-192).
-4
Let v(q) = 5*q**3 - 18*q**2 - 6*q - 11. Give v(3).
-56
Let n(o) = -2*o**3 + 48*o**2 + 53*o - 55. What is n(25)?
20
Let l(n) = -2*n**3 - 5*n**2 + 7*n - 126. Give l(-6).
84
Let j(g) = 73*g + 406. Calculate j(-15).
-689
Let y(h) = h**3 - 48*h**2 - 155*h + 125. What is y(51)?
23
Let f(m) = 2*m**2 + 353*m - 5339. Calculate f(14).
-5
Let v(f) = -3*f**2 + 109*f - 362. What is v(32)?
54
Let j(b) = -b**3 + 9*b**2 + 11*b + 142. Determine j(11).
21
Let b(h) = -4*h**2 - 73*h - 29. Determine b(-18).
-11
Let x(h) = h**3 + 10*h**2 + 6*h + 28. Give x(-4).
100
Let v(y) = -142*y**2 - 732*y - 113. Give v(-5).
-3
Let m(c) = 6*c**2 + 30*c - 8. Give m(-4).
-32
Let d(r) = -r**3 - 3*r**2 - 136*r - 410. Give d(-3).
-2
Let v(u) = -9*u**2 + 459*u + 74. What is v(51)?
74
Let i(x) = x**3 + 25*x**2 - 11*x - 271. Calculate i(-25).
4
Let l(w) = -w + 52. What is l(-12)?
64
Let q(i) = -i**3 - 15*i**2 + 33*i + 683. Calculate q(-14).
25
Let i(g) = 12*g**2 - 162*g + 99. Determine i(10).
-321
Let y(g) = -3*g**2 + 90*g + 17117. Calculate y(92).
5
Let c(y) = 12*y - 139. Calculate c(2).
-115
Let c(x) = 638*x - 646. What is c(1)?
-8
Let h(b) = -b**3 + 11*b**2 - 16*b + 43. Give h(10).
-17
Let p(j) = 266*j - 793. Give p(3).
5
Let s(z) = -99*z + 55. What is s(6)?
-539
Let l(k) = 347*k + 1035. Calculate l(-3).
-6
Let j(h) = h**3 - 16*h**2 - h - 29. Calculate j(16).
-45
Let m(a) = -12*a + 155. What is m(-8)?
251
Let i(g) = -8*g - 29. Give i(-13).
75
Let k(f) = -f**3 + 12*f**2 + 61*f - 76. Calculate k(17).
-484
Let w(b) = b**2 - 270*b - 7889. Calculate w(-27).
130
Let q(w) = -5*w**3 - 3*w**2 - 11*w - 10. Calculate q(-2).
40
Let l(y) = -56*y + 1415. Give l(25).
15
Let z(c) = -4*c**2 + 61*c + 898. What is z(-12)?
-410
Let y(d) = 48*d**2 + 1005*d - 65. Determine y(-21).
-2
Let j(c) = c**3 - 13*c**2 + 19*c - 27. Determine j(12).
57
Let k(t) = -5404*t - 5392. Give k(-1).
12
Let d(o) = o**2 - 24*o + 272. Give d(14).
132
Let s(d) = d**3 + 11*d**2 + 37*d + 4. Determine s(-6).
-38
Let p(g) = -150*g + 8. Give p(3).
-442
Let p(z) = 230*z - 781. Determine p(3).
-91
Let b(q) = 78*q**2 + 247*q + 32. What is b(-3)?
-7
Let z(g) = g**2 + 18*g - 49. Determine z(-19).
-30
Let v(p) = -2*p**2 + 10*p + 260. Determine v(-19).
-652
Let p(i) = 3*i**2 + 75*i + 218. Give p(-22).
20
Let m(x) = -x**3 + 12*x**2 - 19*x + 198. Give m(13).
-218
Let j(k) = 937*k + 6477. Determine j(-7).
-82
Let h(f) = -135*f - 1756. What is h(-13)?
-1
Let l(q) = 7*q - 45. Give l(13).
46
Let w(i) = i**3 + 19*i**2 + 82*i + 1. What is w(-7)?
15
Let r(u) = 4*u**2 - 172*u + 57. Calculate r(43).
57
Let g(y) = -948*y - 14228. Determine g(-15).
-8
Let u(a) = 441*a + 2652. What is u(-6)?
6
Let a(c) = -c**2 + 21*c - 187. Give a(11).
-77
Let a(g) = -g**3 + 24*g**2 + 341*g - 38. Determine a(34).
-4
Let d(a) = -7*a**3 - 3*a**2 + 2*a + 13. Give d(-3).
169
Let h(j) = 191*j - 800. Determine h(4).
-36
Let j(s) = -18590*s - 37177. Determine j(-2).
3
Let b(o) = o**3 - 12*o**2 + 36*o - 247. Determine b(11).
28
Let b(m) = -m**2 + 24*m + 36. Give b(15).
171
Let d(w) = 8*w**2 + 74*w + 120. Determine d(-7).
-6
Let g(m) = 3721*m - 7433. Give g(2).
9
Let u(n) = n**3 + 54*n**2 + 53*n - 152. Give u(-53).
-152
Let i(w) = w**3 + 8*w**2 - 111*w - 896. Determine i(-9).
22
Let n(x) = -7*x**2 - 394*x - 1587. Give n(-52).
-27
Let c(m) = 449*m**2 + 7*m + 8. Calculate c(-1).
450
Let s(c) = 2*c**3 + 147*c**2 - 86*c + 160. Calculate s(-74).
1048
Let i(j) = j**2 - 24*j - 77. Calculate i(-5).
68
Let y(q) = -21*q - 29. What is y(-1)?
-8
Let s(w) = 13*w**3 + 53*w**2 + 21*w - 10. Give s(-3).
53
Let p(s) = -s**2 - 33*s + 56. Calculate p(-30).
146
Let a(x) = -x**2 - 66*x + 754. Determine a(10).
-6
Let y(o) = 2349*o - 25812. What is y(11)?
27
Let x(w) = w**3 + 12*w**2 - 2*w - 51. What is x(-10)?
169
Let a(d) = d**3 + 2*d**2 - 4*d + 8. What is a(-7)?
-209
Let b(j) = -120*j + 655. Determine b(6).
-65
Let b(p) = p**3 - 104*p**2 + 1259*p + 96. What is b(90)?
6
Let a(o) = -o**3 + 18*o**2 + 24*o - 111. Determine a(19).
-16
Let k(d) = 10914*d + 43659. Give k(-4).
3
Let o(l) = -l**2 - 50*l + 135. Give o(3).
-24
Let h(d) = -4*d**2 + 39*d - 16. Determine h(9).
11
Let s(i) = 4*i**3 + 108*i**2 - 116*i - 73. Calculate s(-28).
39
Let i(r) = r**2 - 5*r - 38. What is i(-3)?
-14
Let d(p) = p**2 - 96*p + 994. Determine d(84).
-14
Let n(h) = 150*h**3 + 27*h - 26. Give n(1).
151
Let y(a) = -418*a - 842. Give y(-3).
412
Let n(w) = -39*w**3 + 3*w + 12. Calculate n(-2).
318
Let f(m) = -44*m - 5768. What is f(-131)?
-4
Let l(r) = r**3 - 34*r**2 + 60*r + 129. Give l(32).
1
Let f(t) = t**2 + 483*t + 3794. Give f(-8).
-6
Let h(p) = 3*p**3 - 49*p**2 + 185*p + 17. Give h(6).
11
Let c(n) = n**3 - 92*n**2 + 956*n + 60. Determine c(12).
12
Let c(o) = -42*o - 902. Give c(-22).
22
Let s(o) = o**2 - 33*o + 33. Give s(28).
-107
Let c(b) = 7*b**2 + 1240*b - 3597. Determine c(-180).
3
Let s(i) = -3*i**2 + 16*i + 207. What is s(-6)?
3
Let v(l) = l**3 - 26*l**2 - 269*l + 5967. Determine v(28).
3
Let y(f) = -f**2 - 85*f + 28642. Determine y(-217).
-2
Let h(f) = -f**2 + 18*f + 228. What is h(27)?
-15
Let z(w) = w**2 + 22*w + 47. Give z(-7).
-58
Let v(j) = 60*j - 256. What is v(9)?
284
Let p(q) = q**2 - 3*q + 9. What is p(14)?
163
Let l(f) = -f**2 + 296*f - 9584. Determine l(37).
-1
Let s(b) = b**2 - b + 33. Calculate s(-17).
339
Let y(v) = -27*v - 118. What is y(-15)?
287
Let p(q) = 20*q**3 - 7*q**2 - q + 6. Give p(2).
136
Let b(t) = -t**3 + 35*t**2 + 227*t + 782. Determine b(41).
3
Let y(p) = 11*p - 394. Calculate y(29).
-75
Let i(p) = -p**2 + 118*p + 22131. Calculate i(-101).
12
Let u(l) = -29*l - 131. What is u(-9)?
130
Let n(f) = -f**3 - 297*f**2 + 579*f - 5676. Determine n(-299).
5
Let o(q) = 2*q**3 + 6*q**2 - 103*q - 308. Determine o(-3).
1
Let p(s) = -113*s + 893. Give p(8).
-11
Let g(w) = 345*w - 10697. Determine g(31).
-2
Let i(c) = c**3 + 10*c**2 - 12*c - 26. Determine i(-10).
94
Let f(x) = x**3 + 7*x**2 - 10*x - 11. What is f(-8)?
5
Let j(a) = -508*a + 41151. Calculate j(81).
3
Let y(r) = -58*r + 3969. Calculate y(67).
83
Let x(s) = 2*s**2 - 12*s - 104. Calculate x(-12).
328
Let c(f) = 838*f + 6648. Give c(-8).
-56
Let q(n) = -n**2 - 29*n - 197. What is q(-18)?
1
Let n(o) = -o**2 - 49*o - 602. Give n(-33).
-74
Let p(c) = 36*c - 22. Give p(0).
-22
Let d(t) = t**2 - 17*t. What is d(1)?
-16
Let r(j) = -2*j**2 + j - 56. What is r(5)?
-101
Let n(g) = 13*g + 706. Calculate n(-53).
17
Let v(n) = -2*n**3 + 411*n**2 + 189*n + 3503. Calculate v(206).
1
Let u(v) = -15054*v + 75255. What is u(5)?
-15
Let b(v) = 2*v**2 - 19*v - 13. What is b(7)?
-48
Let b(d) = 6*d**2 - 1217*d + 4881. Give b(4).
109
Let z(w) = -w**3 - 26*w**2 + 108*w - 371. What is z(-30)?
-11
Let g(j) = 17*j**2 + 41*j + 5. Give g(-2).
-9
Let q(g) = 341*g + 26593. Determine q(-78).
-5
Let a(i) = -2*i**2 - 374*i + 5621. Give a(14).
-7
Let t(d) = 522*d - 44951. Calculate t(86).
-59
Let y(u) = -u**2 + 622*u - 1848. Determine y(3).
9
Let s(l) = -24*l**2 + 113*l + 203. Determine s(6).
17
Let v(d) = -12*d**3 - d**2 + 13*d - 12. Determine v(1).
-12
Let v(p) = 107*p - 7525. Give v(71).
72
Let i(s) = 24*s**2 + 765*s - 45. What is i(-32)?
51
Let u(b) = -b**3 - 14*b**2 + 42*b + 528. What is u(-11)?
-297
Let c(u) = 2*u**3 + 25*u**2 + 7*u - 70. Calculate c(-12).
-10
Let x(h) = -216*h - 6570. What is x(-31)?
126
Let h(o) = -291*o - 9909. What is h(-34)?
-15
Let z(h) = -h**3 + 24*h**2 - 9*h + 94. Give z(24).
-122
Let o(l) = -11*l + 98. What is o(10)?
-12
Let y(b) = -11*b - 510. Determine y(-48).
18
Let p(v) = -v**2 - 25*v + 43. Calculate p(-23).
89
Let y(w) = 4*w**2 + 14*w - 23. Determine y(-5).
7
Let t(a) = a**3 - 41*a**2 + 36*a + 127. Calculate t(40).
-33
Let a(j) = 11*j**2 - 1837*j + 1822. Determine a(166).
-4
Let c(f) = 4*f**2 + 205*f + 2618. Determine c(-26).
-8
Let j(p) = -17*p**2 - 154*p - 157. What is j(-8)?
-13
Let n(p) = 2*p**2 + 101*p + 49. Give n(-50).
-1
Let x(i) = -4*i - 365. Calculate x(-52).
-157
Let n(r) = -r**3 + 11*r**2 + r - 12. Determine n(8).
188
Let p(n) = -3*n**2 - 23*n + 52. Calculate p(7).
-256
Let p(x) = -x**3 + 3*x**2 + 65*x - 253. What is p(4)?
-9
Let y(t) = -44340*t + 310384. Give y(7).
4
Let u(o) = 30*o - 6. Determine u(-4).
-126
Let l(d) =